{"id":18,"date":"2015-05-04T14:35:34","date_gmt":"2015-05-04T13:35:34","guid":{"rendered":"http:\/\/architektenpartner.de\/?page_id=18"},"modified":"2021-03-05T09:58:07","modified_gmt":"2021-03-05T08:58:07","slug":"bautagebuch-bauezeitenplan","status":"publish","type":"page","link":"https:\/\/architektenpartner.de\/?page_id=18","title":{"rendered":"BAUTAGEBUCH &#038; BAUEZEITENPLAN"},"content":{"rendered":"<p><a href=\"https:\/\/architektenpartner.de\/?page_id=54\"><em><strong>pro-Report<\/strong><\/em><\/a> ist das mobile und praktische Werkzeug f\u00fcr das moderne Baustellenmanagement. Ob Sie nun als SiGeKo die Baustelle kontrollieren oder als Baustellenleiter eine M\u00e4ngelverfolgung durchf\u00fchren m\u00fcssen. Mit pro-Report erhalten Sie als Bauleiter \/ Koordinator die geniale Pocket-PC Anwendung, um im Verbund mit pro-Plan + pro-SiGe, die notwendigen Begehungsprotokolle oder M\u00e4ngel mit Fotos und gesprochenen Anmerkungen zu erstellen und zu verwalten.<\/p>\n<p><a href=\"https:\/\/architektenpartner.de\/?page_id=59\"><em><strong>pro-Plan<\/strong> <\/em><\/a>ist der einfach zu bedienende und doch leistungsf\u00e4hige Projekt- und Bauzeitenplaner f\u00fcr alle, die schnelle und ansprechende Ergebnisse ben\u00f6tigen. Vorbei sind die Zeiten langer Lernphasen. Nur starten und planen hei\u00dft die Devise!<\/p>\n","protected":false},"excerpt":{"rendered":"<p>pro-Report ist das mobile und praktische Werkzeug f\u00fcr das moderne Baustellenmanagement. Ob Sie nun als SiGeKo die Baustelle kontrollieren oder als Baustellenleiter eine M\u00e4ngelverfolgung durchf\u00fchren m\u00fcssen. Mit pro-Report erhalten Sie als Bauleiter \/ Koordinator die geniale Pocket-PC Anwendung, um im Verbund mit pro-Plan + pro-SiGe, die notwendigen Begehungsprotokolle oder M\u00e4ngel mit Fotos und gesprochenen Anmerkungen [&hellip;]<\/p>\n","protected":false},"author":1,"featured_media":0,"parent":0,"menu_order":5,"comment_status":"closed","ping_status":"closed","template":"","meta":{"footnotes":""},"class_list":["post-18","page","type-page","status-publish","hentry"],"_links":{"self":[{"href":"https:\/\/architektenpartner.de\/index.php?rest_route=\/wp\/v2\/pages\/18","targetHints":{"allow":["GET"]}}],"collection":[{"href":"https:\/\/architektenpartner.de\/index.php?rest_route=\/wp\/v2\/pages"}],"about":[{"href":"https:\/\/architektenpartner.de\/index.php?rest_route=\/wp\/v2\/types\/page"}],"author":[{"embeddable":true,"href":"https:\/\/architektenpartner.de\/index.php?rest_route=\/wp\/v2\/users\/1"}],"replies":[{"embeddable":true,"href":"https:\/\/architektenpartner.de\/index.php?rest_route=%2Fwp%2Fv2%2Fcomments&post=18"}],"version-history":[{"count":5,"href":"https:\/\/architektenpartner.de\/index.php?rest_route=\/wp\/v2\/pages\/18\/revisions"}],"predecessor-version":[{"id":281,"href":"https:\/\/architektenpartner.de\/index.php?rest_route=\/wp\/v2\/pages\/18\/revisions\/281"}],"wp:attachment":[{"href":"https:\/\/architektenpartner.de\/index.php?rest_route=%2Fwp%2Fv2%2Fmedia&parent=18"}],"curies":[{"name":"wp","href":"https:\/\/api.w.org\/{rel}","templated":true}]}}