{"id":1388,"date":"2025-11-17T10:50:36","date_gmt":"2025-11-17T09:50:36","guid":{"rendered":"https:\/\/architektenpartner.de\/?page_id=1388"},"modified":"2025-11-17T11:01:14","modified_gmt":"2025-11-17T10:01:14","slug":"avanti-2025-neuerungen","status":"publish","type":"page","link":"https:\/\/architektenpartner.de\/?page_id=1388","title":{"rendered":"AVANTI 2025 &#8211; Neuerungen"},"content":{"rendered":"\n<ul class=\"wp-block-list\">\n<li>E-Rechnung leicht gemacht . . . . . . . . . . . . . . . . . . . . . . . . . . . . . . . . . . . . . . . . . . . . . . . . . . . . . . . . . . . . . 4<br>Desktops teilen, Teamwork st\u00e4rken: Effizientes Arbeiten mit AVANTI 2025. . . . . . . . . . . . . . . . . . . . 6<br>Mehr Platz, mehr \u00dcberblick: optimierten Listen und Iconleisten in AVANTI 2025 . . . . . . . . . . . . . . . 7<br>Sortieren leicht gemacht: Mehr \u00dcbersicht und Kontrolle mit AVANTI 2025. . . . . . . . . . . . . . . . . . . .. . 8<br>Klarheit und Pr\u00e4zision: Neue Druckvorlagen f\u00fcr mehr Effizienz in Ihrer Bauprojektkommunikation . 10<br>AVANTI connect Plug-In f\u00fcr Autodesk\u00ae Revit\u00ae 2025 . . . . . . . . . . . . . . . . . . . . . . . . . . . . . . . . . . . . . . 12<br>GAEB-Zertifizierung 2025 best\u00e4tigt h\u00f6chste Standards im elektronischen Datenaustausch . . . . . . .. 14<br>\u00c4nderungen und Anpassungen AVANTI 2025 . . . . . . . . . . . . . . . . . . . . . . . . . . . . . . . . . . . . . . . . . . . .. . 16<\/li>\n<\/ul>\n\n\n\n<div data-wp-interactive=\"core\/file\" class=\"wp-block-file\"><object data-wp-bind--hidden=\"!state.hasPdfPreview\" hidden class=\"wp-block-file__embed\" data=\"https:\/\/architektenpartner.de\/wp-content\/uploads\/2025\/11\/AVANTI_2026_Neuerungen.pdf\" type=\"application\/pdf\" style=\"width:100%;height:600px\" aria-label=\"Einbettung von AVANTI_2026_Neuerungen.\"><\/object><a id=\"wp-block-file--media-1010c46c-dab6-49eb-9ebf-3cacdb905979\" href=\"https:\/\/architektenpartner.de\/wp-content\/uploads\/2025\/11\/AVANTI_2026_Neuerungen.pdf\">AVANTI_2026_Neuerungen<\/a><a href=\"https:\/\/architektenpartner.de\/wp-content\/uploads\/2025\/11\/AVANTI_2026_Neuerungen.pdf\" class=\"wp-block-file__button wp-element-button\" download aria-describedby=\"wp-block-file--media-1010c46c-dab6-49eb-9ebf-3cacdb905979\">Herunterladen<\/a><\/div>\n\n\n\n<p><\/p>\n","protected":false},"excerpt":{"rendered":"","protected":false},"author":1,"featured_media":0,"parent":0,"menu_order":0,"comment_status":"closed","ping_status":"closed","template":"","meta":{"footnotes":""},"class_list":["post-1388","page","type-page","status-publish","hentry"],"_links":{"self":[{"href":"https:\/\/architektenpartner.de\/index.php?rest_route=\/wp\/v2\/pages\/1388","targetHints":{"allow":["GET"]}}],"collection":[{"href":"https:\/\/architektenpartner.de\/index.php?rest_route=\/wp\/v2\/pages"}],"about":[{"href":"https:\/\/architektenpartner.de\/index.php?rest_route=\/wp\/v2\/types\/page"}],"author":[{"embeddable":true,"href":"https:\/\/architektenpartner.de\/index.php?rest_route=\/wp\/v2\/users\/1"}],"replies":[{"embeddable":true,"href":"https:\/\/architektenpartner.de\/index.php?rest_route=%2Fwp%2Fv2%2Fcomments&post=1388"}],"version-history":[{"count":3,"href":"https:\/\/architektenpartner.de\/index.php?rest_route=\/wp\/v2\/pages\/1388\/revisions"}],"predecessor-version":[{"id":1393,"href":"https:\/\/architektenpartner.de\/index.php?rest_route=\/wp\/v2\/pages\/1388\/revisions\/1393"}],"wp:attachment":[{"href":"https:\/\/architektenpartner.de\/index.php?rest_route=%2Fwp%2Fv2%2Fmedia&parent=1388"}],"curies":[{"name":"wp","href":"https:\/\/api.w.org\/{rel}","templated":true}]}}